he greatest common divisor of t and k.
17
Suppose -5*l + 3*w + 86 = 0, 2*l - 5 - 35 = 4*w. Calculate the greatest common divisor of 104 and l.
8
Let f = 928 + -363. Calculate the highest common divisor of 791 and f.
113
Let l = 29 - 23. Let d(t) = t**3 - 3*t**2 - 4*t + 7. Let j be d(l). Calculate the greatest common divisor of j and 13.
13
Suppose -10*z = -24974 - 1866. Calculate the highest common divisor of z and 11.
11
Let q be (2184/30)/(2/10). Calculate the highest common factor of 35 and q.
7
Let t(c) = -16*c + 329. Let b be t(5). What is the highest common factor of b and 664?
83
Suppose -184*w = -174*w - 150. Calculate the greatest common factor of 75 and w.
15
Suppose -8*y + 23 + 57 = 0. Suppose -2*q + y = -q. Calculate the greatest common divisor of 110 and q.
10
Suppose -2*d + 11 = 4*b - 1, 4*d - 5*b = -15. Suppose d*u + u = 8. Calculate the greatest common factor of u and 4.
4
Suppose -4*o + 84 = -3*l, 3*o + 2*o + 2*l = 105. Let t = 682 - 514. Calculate the greatest common factor of o and t.
21
Let s = -1140 + 1224. What is the greatest common factor of s and 126?
42
Let x = -341 - -343. Calculate the highest common divisor of x and 54.
2
Let f be -5*(8/(-4) + 3). Let m(u) = u**3 + 6*u**2 + 3*u - 3. Let d be m(f). Let y be (-2)/(-2)*(d - -5). Calculate the highest common divisor of 12 and y.
12
Let v = -58 - -96. Let q be (-516)/(-10) + v/95. Let h = q - 36. What is the highest common factor of h and 24?
8
Suppose 270 = 84*r - 74*r. Let a be (2 - (-1 - -3)) + 27. What is the highest common divisor of r and a?
27
Let k(q) = -q**2 + 111*q + 286. Let l be k(48). What is the highest common factor of 10 and l?
10
Let y(x) = x - 2. Let n be y(3). Let a be -10*(9/(-2) + n). Suppose -4*w - 16 = -2*i - 0*i, -i + 5*w - 1 = 0. Calculate the highest common divisor of i and a.
7
Let v = -588 + 622. What is the greatest common divisor of v and 391?
17
Suppose -47 = -j + 64. Let s = -64 - -77. Suppose -5*x = k - s, 2*k + k - 3*x - j = 0. What is the highest common divisor of 22 and k?
11
Let p be (-86)/(-4) - 38/(-76). What is the highest common divisor of p and 121?
11
Let r be (-38)/(-9) + (-740)/90 + 8. Let m = 8 - 6. Suppose -4*g + 2*y + m*y = 12, g + r*y = 22. What is the highest common divisor of g and 18?
2
Let u be (-16)/(-12)*(-45)/(-2). Let c be 4/u + (-2990)/(-75). Let h be (-2)/(-5)*(26 - 1). Calculate the highest common divisor of c and h.
10
Suppose 5*v - 1041 = -3*g, 5*v - 56*g - 1029 = -53*g. What is the highest common factor of 9 and v?
9
Let u be (-8)/6*(-40 - -19). Calculate the highest common factor of u and 140.
28
Let b be 54/(-7 - -16) - -309. What is the highest common divisor of b and 126?
63
Let w(l) = -3*l**3 + 4*l**2 - l + 8. Let o be w(4). Let z = o - -169. Calculate the greatest common factor of z and 15.
15
Let u be 9/(-12) - 210/(-56). Suppose u*z + 840 = 9*z. Calculate the greatest common factor of z and 28.
28
Suppose 4*m = -8 - 8, 0 = -3*l - 4*m + 23. What is the highest common factor of 221 and l?
13
Suppose 10*b - x = 11*b - 516, 1524 = 3*b - 5*x. Calculate the highest common factor of b and 19.
19
Let b = 335 + -151. Suppose -119 = -20*j + 41. Calculate the greatest common factor of b and j.
8
Let q be (-7)/(28/(-8)) - -41. Let h = q - 39. What is the greatest common divisor of h and 2?
2
Let r(q) = -q. Let k = -7 + 15. Let j be r(k). Let s be ((-10)/4 + 2)*j. What is the highest common factor of 12 and s?
4
Suppose 2710 = 2*r - f, 3*r - 4060 = -0*f + 4*f. What is the greatest common divisor of 12 and r?
12
Let d(y) = 68*y**3 + 0*y**2 + 3*y**2 + 0*y**2 - 69*y**3 - y + 1. Let g be d(2). What is the greatest common divisor of 24 and g?
3
Suppose -32*c + 1269 + 5451 = 0. Calculate the highest common factor of c and 462.
42
Suppose 4*h + 2*i + i = 339, 256 = 3*h + 4*i. Let z(g) = -14*g**2 - 2*g - 3. Let x be z(-1). Let y = 36 + x. What is the greatest common factor of h and y?
21
Suppose 5*q = 3*q. Suppose 4*o - 52 + 4 = q. Let a be o/6*(-18)/(-4). Calculate the highest common divisor of a and 3.
3
Let p be 1/1*128 + -2. Suppose g + 2 = j, 2 = 2*j - 0. Let v be 4/(g - 1) + 300/15. Calculate the greatest common divisor of p and v.
18
Let x(f) = -2*f**3 + 26*f**2 - 21*f - 13. Let o be x(12). Suppose 5*i = 92 + o. Calculate the greatest common divisor of 161 and i.
23
Let p = -8 + 10. Suppose u - 5*y - 5 = p, 2*u = 5*y + 19. Suppose -5*t + 0*t = -m - 302, 5*t - 5*m - 310 = 0. Calculate the highest common divisor of u and t.
12
Let t be (-3)/(-2) + (-12090)/(-260). What is the highest common divisor of t and 72?
24
Suppose 3*r = 3, 0 = -v - 0*r + r - 56. Let c = v + 75. What is the highest common factor of c and 10?
10
Let t = -42 + 43. Let c = 56 - t. Let g be 3*66/(-27)*-3. Calculate the greatest common divisor of g and c.
11
Let m be 54/((6/4)/1). Suppose m = -c - 34. Let v = c + 140. Calculate the highest common divisor of v and 28.
14
Let c = -1818 - -2150. What is the greatest common factor of 83 and c?
83
Suppose 0 = 32*n - 27*n - 245. Let l = n + -39. What is the highest common divisor of 30 and l?
10
Let d be -21*(220/(-6))/(-11). Suppose 2*x - 594 = -4*m, 4*m = 2*x - 3*x + 593. Let y = d + m. What is the highest common factor of 26 and y?
26
Let w = -44 + 57. Suppose -163 - 162 = -5*l. What is the greatest common divisor of l and w?
13
Let v = -2952 - -2992. Let l = -2 - -12. Calculate the highest common factor of v and l.
10
Let z be -1 - (-73)/1*1. Let t(u) = u - 3. Let q be t(5). Let a = q - -16. Calculate the greatest common divisor of a and z.
18
Let c be (-1)/(-4) + 17*39/(-12). Let n = c - -93. What is the highest common divisor of 19 and n?
19
Let n(v) = -13*v + 465. Let h be n(33). Calculate the highest common factor of h and 20.
4
Let x(r) = -r**2 + 6*r - 2. Let h be x(4). Let p be ((-30)/4)/(h/(-24)). Calculate the highest common divisor of 45 and p.
15
Let m be 14 - -5*(-6)/(-15). Calculate the greatest common factor of 432 and m.
16
Let f be -37*(15/(1 - 4) + 1). Calculate the highest common factor of f and 37.
37
Suppose 2*q - y - 3 = 0, -q - 28 = -3*q - 4*y. Suppose 4*h - 190 = h + w, 0 = q*h + w - 258. Let g = h - 36. Calculate the greatest common factor of g and 308.
28
Let o = 60 - 22. Let c = o + 79. What is the greatest common factor of c and 13?
13
Suppose -16 = -6*f + 2*f. Suppose -f*u - 378 = -5*l, -2*l + 5*u + 32 = -126. Calculate the greatest common divisor of 185 and l.
37
Let z(s) = 53*s - 8. Let a be 2/(-8) - 75/(-12). Let v be z(a). What is the highest common factor of v and 31?
31
Suppose 0 = 9*r - 332 - 154. What is the highest common factor of r and 720?
18
Suppose 0 = -4*a + 3*p + 255, 2*p = -a - 0*p + 50. Let j(l) = 2*l**3 + 6*l**2 + 3*l + 40. Let u be j(0). What is the greatest common factor of a and u?
20
Let f be (-8 - 2)/(4 - 2). Let b = f + 35. Suppose -5*s - 2*u = u - 33, 4*u = 4*s - 20. Calculate the highest common divisor of s and b.
6
Let r(c) = -c**2 + 18*c - 4. Let g = -2 - -19. Let h be r(g). Calculate the greatest common divisor of 143 and h.
13
Let a(n) = n**2 - 2*n - 12. Let b be a(6). Let r be b/(-8) - 30/(-4). Let l be (-10)/(-6)*3*r. Calculate the greatest common divisor of 6 and l.
6
Let h be 570/(-20)*(-2)/(-3). Let d = -11 - h. Suppose -20 + 4 = -8*b. Calculate the highest common factor of d and b.
2
Let z = -44 + 62. Let d = 24 - z. Calculate the greatest common factor of 30 and d.
6
Let h(u) = u - 4. Let s be h(-3). Let y be 9 - ((s - -3) + 1). Let a(k) = 25*k + 7. Let l be a(5). Calculate the greatest common factor of l and y.
12
Let m = -1396 - -1684. What is the greatest common divisor of m and 240?
48
Let y be (-4)/3*84/(-2). Calculate the greatest common divisor of y and 392.
56
Suppose 0 = -c - 3*g - 33, 3*g + 13 = -2*c - 44. Let a = c - -40. Let j = 393 - 391. What is the highest common factor of j and a?
2
Let q = -2719 + 2753. What is the highest common factor of q and 1853?
17
Let j be (-31)/4*(-3 + -1). Suppose 5*w + 111 - j = 0. Let z = 25 + w. What is the greatest common factor of 63 and z?
9
Let i(q) = -2*q**2 + 4*q. Let u be i(3). Let d = 8 + u. Let w(g) = -g**3 + 2*g**2 + 2*g - 1. Let z be w(d). What is the highest common factor of 6 and z?
3
Let w(v) = 25*v. Let u be w(1). Let i(h) = 4*h + 29 - 3*h - 2*h - 10. Let g be i(9). Calc